{"id":6691,"date":"2013-10-31T22:23:56","date_gmt":"2013-10-31T21:23:56","guid":{"rendered":"http:\/\/www.lespassengers.com\/?page_id=6691"},"modified":"2022-05-14T01:24:27","modified_gmt":"2022-05-14T01:24:27","slug":"actualite","status":"publish","type":"page","link":"https:\/\/www.lespassengers.com\/index.php\/actualite\/","title":{"rendered":"Actualit\u00e9"},"content":{"rendered":"<h4>&nbsp;<\/h4>\n<h2>LES DERNIERS EVENEMENTS<\/h2>\n\n\n<figure class=\"wp-block-table\"><table><tbody><tr><td><a href=\"https:\/\/www.picz.ch\"><img loading=\"lazy\" decoding=\"async\" width=\"150\" height=\"147\" class=\"wp-image-8196\" style=\"width: 150px;\" src=\"https:\/\/www.lespassengers.com\/wp-content\/uploads\/2021\/06\/PICZ_Photo-Studio-Logo-e1623185469952.jpg\" alt=\"\" srcset=\"https:\/\/www.lespassengers.com\/wp-content\/uploads\/2021\/06\/PICZ_Photo-Studio-Logo-e1623185469952.jpg 816w, https:\/\/www.lespassengers.com\/wp-content\/uploads\/2021\/06\/PICZ_Photo-Studio-Logo-e1623185469952-300x293.jpg 300w, https:\/\/www.lespassengers.com\/wp-content\/uploads\/2021\/06\/PICZ_Photo-Studio-Logo-e1623185469952-768x751.jpg 768w\" sizes=\"auto, (max-width: 150px) 100vw, 150px\" \/><\/a><\/td><td>Photo International Club, Zurich, septembre 2020 &#8211; <a href=\"https:\/\/www.lespassengers.com\/wp-content\/uploads\/2021\/06\/PICZ-Photo-Laundry-Program-2020_draft_20200910.pdf\">voir le flyer<\/a><br>pr\u00e9sentation de la conf\u00e9rence &#8220;Antarctica, the Last Frontier&#8221;<\/td><\/tr><\/tbody><\/table><\/figure>\n\n\n\n<figure class=\"wp-block-table\"><table><tbody><tr><td><img decoding=\"async\" src=\"https:\/\/www.lespassengers.com\/wp-content\/uploads\/2013\/11\/logo-clfa.jpg\" alt=\"bmw-gs-days-presentation_hd\" style=\"width: 200px;\"><\/td><td class=\"has-text-align-left\" data-align=\"left\"><strong>Cycle de conf\u00e9rences du Cercle Lyonnais des Femmes Arm\u00e9niennes, Lyon, novembre 2013 &#8211;&nbsp;<a rel=\"noreferrer noopener\" href=\"https:\/\/www.lespassengers.com\/wp-content\/uploads\/2013\/10\/affiche-clfa-exhibition-Portrait-A4-newreduced.jpg\" target=\"_blank\" data-rel=\"lightbox-image-0\" data-rl_title=\"\" data-rl_caption=\"\" title=\"\">voir le flyer<\/a><\/strong><br>pr\u00e9sentation de l&#8217;exposition &#8220;1 t\u00eate, 2 roues, 912 jours&#8221; et pr\u00e9sentation de la conf\u00e9rence associ\u00e9e<\/td><\/tr><\/tbody><\/table><\/figure>\n\n\n\n<figure class=\"wp-block-table\"><table><tbody><tr><td><a href=\"http:\/\/www.acfilyon.org\"><img decoding=\"async\" src=\"https:\/\/www.lespassengers.com\/wp-content\/uploads\/2010\/07\/logo_acfi.png\" alt=\"logo_acfi\" style=\"width: 200px;\"><\/a><\/td><td class=\"has-text-align-left\" data-align=\"left\"><strong>Cycle de conf\u00e9rences de l&#8217;Association Culturelle Franco-Iranienne, Lyon, juin 2013 &#8211; <a rel=\"noreferrer noopener\" href=\"https:\/\/www.lespassengers.com\/wp-content\/uploads\/2013\/10\/affiche-iran-exhibition-Portrait-A4-1.pdf\" target=\"_blank\">voir le flyer<\/a><\/strong><br>pr\u00e9sentation de l&#8217;exposition photographique &#8220;Fen\u00eatre sur l&#8217;Iran&#8221; et de la conf\u00e9rence associ\u00e9e<\/td><\/tr><\/tbody><\/table><\/figure>\n\n\n\n<figure class=\"wp-block-table\"><table><tbody><tr><td><img decoding=\"async\" src=\"https:\/\/www.lespassengers.com\/wp-content\/uploads\/2010\/07\/bmw-gs-days-presentation_hd.jpg\" alt=\"bmw-gs-days-presentation_hd\" style=\"width: 250px;\"><\/td><td class=\"has-text-align-left\" data-align=\"left\"><strong>BMW GS Days 2013, Orange, mai 2013&nbsp;&nbsp;&#8211;&nbsp;<a rel=\"noreferrer noopener\" href=\"https:\/\/www.lespassengers.com\/wp-content\/uploads\/2010\/07\/BMW-GS-Days-2013-programme.pdf\" target=\"_blank\">voir le programme<\/a><\/strong><br>pr\u00e9sentation de l&#8217;exposition photographique &#8220;Curiosity&#8221; et animation d&#8217;une s\u00e9rie de conf\u00e9rences autour de mon tour du monde \u00e0 moto<\/td><\/tr><\/tbody><\/table><\/figure>\n\n\n\n<figure class=\"wp-block-table\"><table><tbody><tr><td><img loading=\"lazy\" decoding=\"async\" width=\"320\" height=\"96\" class=\"wp-image-6201\" style=\"width: 320px;\" src=\"https:\/\/www.lespassengers.com\/wp-content\/uploads\/2010\/07\/saint_priest-scaled.jpg\" alt=\"\" srcset=\"https:\/\/www.lespassengers.com\/wp-content\/uploads\/2010\/07\/saint_priest-scaled.jpg 2560w, https:\/\/www.lespassengers.com\/wp-content\/uploads\/2010\/07\/saint_priest-300x90.jpg 300w, https:\/\/www.lespassengers.com\/wp-content\/uploads\/2010\/07\/saint_priest-1024x307.jpg 1024w, https:\/\/www.lespassengers.com\/wp-content\/uploads\/2010\/07\/saint_priest-768x230.jpg 768w, https:\/\/www.lespassengers.com\/wp-content\/uploads\/2010\/07\/saint_priest-1536x460.jpg 1536w, https:\/\/www.lespassengers.com\/wp-content\/uploads\/2010\/07\/saint_priest-2048x614.jpg 2048w, https:\/\/www.lespassengers.com\/wp-content\/uploads\/2010\/07\/saint_priest-1568x470.jpg 1568w\" sizes=\"auto, (max-width: 320px) 100vw, 320px\" \/><\/td><td class=\"has-text-align-left\" data-align=\"left\"><strong>&#8220;Journ\u00e9e des Talents&#8221;, Saint-Priest, avril 2013<\/strong><br>pr\u00e9sentation de l&#8217;exposition photographique &#8220;Curiosity&#8221; et animation d&#8217;une s\u00e9rie de conf\u00e9rences \u00e0 destination de jeunes autour de l&#8217;envie d&#8217;agir et du d\u00e9passement de soi<br>&nbsp;<\/td><\/tr><\/tbody><\/table><figcaption>&nbsp;<\/figcaption><\/figure>\n","protected":false},"excerpt":{"rendered":"<p>&nbsp; LES DERNIERS EVENEMENTS Photo International Club, Zurich, septembre 2020 &#8211; voir le flyerpr\u00e9sentation de la conf\u00e9rence &#8220;Antarctica, the Last &hellip; <\/p>\n","protected":false},"author":1,"featured_media":0,"parent":0,"menu_order":0,"comment_status":"open","ping_status":"open","template":"","meta":{"footnotes":""},"class_list":["post-6691","page","type-page","status-publish","hentry"],"jetpack_sharing_enabled":true,"_links":{"self":[{"href":"https:\/\/www.lespassengers.com\/index.php\/wp-json\/wp\/v2\/pages\/6691","targetHints":{"allow":["GET"]}}],"collection":[{"href":"https:\/\/www.lespassengers.com\/index.php\/wp-json\/wp\/v2\/pages"}],"about":[{"href":"https:\/\/www.lespassengers.com\/index.php\/wp-json\/wp\/v2\/types\/page"}],"author":[{"embeddable":true,"href":"https:\/\/www.lespassengers.com\/index.php\/wp-json\/wp\/v2\/users\/1"}],"replies":[{"embeddable":true,"href":"https:\/\/www.lespassengers.com\/index.php\/wp-json\/wp\/v2\/comments?post=6691"}],"version-history":[{"count":12,"href":"https:\/\/www.lespassengers.com\/index.php\/wp-json\/wp\/v2\/pages\/6691\/revisions"}],"predecessor-version":[{"id":8238,"href":"https:\/\/www.lespassengers.com\/index.php\/wp-json\/wp\/v2\/pages\/6691\/revisions\/8238"}],"wp:attachment":[{"href":"https:\/\/www.lespassengers.com\/index.php\/wp-json\/wp\/v2\/media?parent=6691"}],"curies":[{"name":"wp","href":"https:\/\/api.w.org\/{rel}","templated":true}]}}